5
What is the thousands digit of 163671?
3
What is the tens digit of 6810120?
2
What is the ten thousands digit of 2576145?
7
What is the hundreds digit of 1443108?
1
What is the thousands digit of 2701642?
1
What is the ten thousands digit of 443976?
4
What is the hundreds digit of 218441?
4
What is the units digit of 4950799?
9
What is the hundreds digit of 3178176?
1
What is the units digit of 2359300?
0
What is the units digit of 1177354?
4
What is the hundred thousands digit of 5465219?
4
What is the ten thousands digit of 1006372?
0
What is the hundreds digit of 815195?
1
What is the thousands digit of 1102753?
2
What is the ten thousands digit of 523317?
2
What is the thousands digit of 1056635?
6
What is the units digit of 14897854?
4
What is the units digit of 410234?
4
What is the thousands digit of 5615855?
5
What is the hundreds digit of 235285?
2
What is the hundreds digit of 8270218?
2
What is the hundred thousands digit of 12446882?
4
What is the hundreds digit of 6968131?
1
What is the hundred thousands digit of 2511089?
5
What is the units digit of 12297541?
1
What is the tens digit of 227605?
0
What is the hundred thousands digit of 11984557?
9
What is the tens digit of 338843?
4
What is the units digit of 512407?
7
What is the thousands digit of 4030510?
0
What is the tens digit of 12328237?
3
What is the thousands digit of 32573?
2
What is the thousands digit of 1553386?
3
What is the thousands digit of 113682?
3
What is the tens digit of 179220?
2
What is the hundreds digit of 216033?
0
What is the hundred thousands digit of 10127484?
1
What is the units digit of 9073784?
4
What is the thousands digit of 35432870?
2
What is the units digit of 463892?
2
What is the tens digit of 797817?
1
What is the units digit of 29294762?
2
What is the hundred thousands digit of 1102069?
1
What is the units digit of 2475373?
3
What is the thousands digit of 298340?
8
What is the units digit of 1353837?
7
What is the ten thousands digit of 245300?
4
What is the hundred thousands digit of 102673?
1
What is the hundreds digit of 14799009?
0
What is the ten thousands digit of 420522?
2
What is the units digit of 12208833?
3
What is the hundreds digit of 709249?
2
What is the ten thousands digit of 423207?
2
What is the hundred thousands digit of 198416?
1
What is the millions digit of 7736906?
7
What is the ten thousands digit of 535610?
3
What is the thousands digit of 216267?
6
What is the hundred thousands digit of 15893869?
8
What is the units digit of 1449073?
3
What is the ten thousands digit of 1481333?
8
What is the ten thousands digit of 101226?
0
What is the units digit of 3474917?
7
What is the millions digit of 12392484?
2
What is the thousands digit of 2131870?
1
What is the ten thousands digit of 1069273?
6
What is the units digit of 1239898?
8
What is the thousands digit of 4957197?
7
What is the tens digit of 8581226?
2
What is the ten millions digit of 42689864?
4
What is the ten thousands digit of 518418?
1
What is the hundred thousands digit of 3938908?
9
What is the hundreds digit of 785617?
6
What is the hundreds digit of 367890?
8
What is the units digit of 2281308?
8
What is the hundred thousands digit of 4236275?
2
What is the units digit of 3570327?
7
What is the millions digit of 30464197?
0
What is the hundreds digit of 675549?
5
What is the millions digit of 5050537?
5
What is the millions digit of 5402005?
5
What is the units digit of 1168017?
7
What is the ten thousands digit of 1261071?
6
What is the thousands digit of 125238?
5
What is the units digit of 2689507?
7
What is the millions digit of 10096436?
0
What is the ten thousands digit of 508991?
0
What is the hundred thousands digit of 5662379?
6
What is the ten thousands digit of 1806494?
0
What is the hundred thousands digit of 346735?
3
What is the ten thousands digit of 21040953?
4
What is the tens digit of 14227208?
0
What is the units digit of 790732?
2
What is the hundreds digit of 3135535?
5
What is the units digit of 41993?
3
What is the hundreds digit of 263671?
6
What is the ten thousands digit of 5783505?
8
What is the hundred thousands digit of 6448778?
4
What is the ten millions digit of 11127780?
1
What is the tens digit of 28432687?
8
What is the hundreds digit of 957792?
7
What is the units digit of 2728338?
8
What is the hundreds digit of 660806?
8
What is the tens digit of 103405?
0
What is the ten thousands digit of 246405?
4
What is the units digit of 8504609?
9
What is the hundreds digit of 1520595?
5
What is the hundreds digit of 6009624?
6
What is the hundreds digit of 1494778?
7
What is the hundreds digit of 2835807?
8
What is the tens digit of 2284020?
2
What is the ten thousands digit of 202014?
0
What is the units digit of 599628?
8
What is the hundred thousands digit of 1361865?
3
What is the hundreds digit of 3138007?
0
What is the units digit of 146477?
7
What is the ten millions digit of 11686307?
1
What is the thousands digit of 44679?
4
What is the hundreds digit of 14615768?
7
What is the ten thousands digit of 25076754?
7
What is the units digit of 2270960?
0
What is the ten thousands digit of 1113325?
1
What is the hundreds digit of 2615956?
9
What is the ten thousands digit of 827575?
2
What is the millions digit of 18370044?
8
What is the hundreds digit of 360464?
4
What is the hundred thousands digit of 978165?
9
What is the hundred thousands digit of 225110?
2
What is the hundreds digit of 1792821?
8
What is the tens digit of 30786?
8
What is the thousands digit of 762546?
2
What is the thousands digit of 1308336?
8
What is the hundred thousands digit of 908821?
9
What is the units digit of 11894804?
4
What is the thousands digit of 4089305?
9
What is the thousands digit of 13544752?
4
What is the hundreds digit of 4161234?
2
What is the hundred thousands digit of 105961?
1
What is the ten thousands digit of 10873476?
7
What is the ten thousands digit of 8733135?
3
What is the ten thousands digit of 208456?
0
What is the thousands digit of 22090?
2
What is the units digit of 14802942?
2
What is the tens digit of 326132?
3
What is the units digit of 13427?
7
What is the units digit of 464460?
0
What is the tens digit of 2011944?
4
What is the ten thousands digit of 620024?
2
What is the ten thousands digit of 4362535?
6
What is the millions digit of 8845238?
8
What is the units digit of 256889?
9
What is the hundreds digit of 353485?
4
What is the units digit of 88023?
3
What is the ten thousands digit of 6243504?
4
What is the millions digit of 5301098?
5
What is the tens digit of 32810657?
5
What is the hundreds digit of 767707?
7
What is the hundreds digit of 20162996?
9
What is the hundreds digit of 10555436?
4
What is the hundreds digit of 21057?
0
What is the units digit of 404945?
5
What is the tens digit of 6399934?
3
What is the hundred thousands digit of 2237874?
2
What is the hundreds digit of 1846556?
5
What is the units digit of 2530164?
4
What is the tens digit of 606658?
5
What is the units digit of 1213381?
1
What is the units digit of 303912?
2
What is the ten thousands digit of 500253?
0
What is the tens digit of 1549153?
5
What is the hundred thousands digit of 283917?
2
What is the thousands digit of 872197?
2
What is the hundreds digit of 6874026?
0
What is the thousands digit of 218448?
8
What is the ten thousands digit of 431159?
3
What is the hundred thousands digit of 245161?
2
What is the thousands digit of 9331173?
1
What is the hundreds digit of 2041944?
9
What is the ten thousands digit of 9296923?
9
What is the hundred thousands digit of 24656504?
6
What is the units digit of 8757944?
4
What is the units digit of 2886530?
0
What is the units digit of 859488?
8
What is the hundred thousands digit of 301367?
3
What is the tens digit of 1119376?
7
What is the units digit of 164072?
2
What is the hundreds digit of 275582?
5
What is the hundred thousands digit of 203687?
2
What is the units digit of 12935438?
8
What is the hundreds digit of 215812?
8
What is the units digit of 479929?
9
What is the tens digit of 502026?
2
What is the millions digit of 14297187?
4
What is the hundreds digit of 13108035?
0
What is the ten thousands digit of 4618860?
1
What is the hundred thousands digit of 